ided by 892.
305
Calculate the remainder when 15487 is divided by 137.
6
What is the remainder when 1162724 is divided by 434?
38
Calculate the remainder when 3025276 is divided by 399.
58
What is the remainder when 2202929 is divided by 746?
737
Calculate the remainder when 13872379 is divided by 96.
91
Calculate the remainder when 229190603 is divided by 621.
617
What is the remainder when 9722994 is divided by 3000?
2994
Calculate the remainder when 1780176 is divided by 775.
1
Calculate the remainder when 3442077 is divided by 411.
363
What is the remainder when 1601909 is divided by 133453?
473
What is the remainder when 13858815 is divided by 353?
35
What is the remainder when 426884 is divided by 847?
843
What is the remainder when 34588 is divided by 8148?
1996
What is the remainder when 7345510 is divided by 9768?
9742
What is the remainder when 866061086 is divided by 32?
30
Calculate the remainder when 3022439 is divided by 4245.
4244
Calculate the remainder when 7529939 is divided by 941242.
3
What is the remainder when 586493 is divided by 506?
39
Calculate the remainder when 193532 is divided by 19340.
132
Calculate the remainder when 12516776 is divided by 1953.
1952
What is the remainder when 2782550 is divided by 34?
24
Calculate the remainder when 213777809 is divided by 559.
557
What is the remainder when 18194035 is divided by 17?
6
Calculate the remainder when 29832384 is divided by 2.
0
What is the remainder when 1657032 is divided by 69?
66
Calculate the remainder when 1847584 is divided by 3751.
2092
What is the remainder when 1955059 is divided by 16024?
131
What is the remainder when 29215871 is divided by 101?
5
Calculate the remainder when 1336167 is divided by 880.
327
What is the remainder when 82535 is divided by 1172?
495
Calculate the remainder when 41631217 is divided by 1577.
1571
Calculate the remainder when 11910 is divided by 1970.
90
What is the remainder when 8962635 is divided by 194?
29
What is the remainder when 4408391 is divided by 4970?
1
What is the remainder when 484385 is divided by 1462?
463
Calculate the remainder when 411495 is divided by 1864.
1415
What is the remainder when 99566705 is divided by 237?
161
What is the remainder when 8390 is divided by 439?
49
What is the remainder when 3370612 is divided by 291?
250
What is the remainder when 59562 is divided by 55955?
3607
Calculate the remainder when 44487 is divided by 639.
396
Calculate the remainder when 389845 is divided by 129923.
76
Calculate the remainder when 1371444 is divided by 12938.
16
Calculate the remainder when 1475351 is divided by 157.
22
Calculate the remainder when 260835 is divided by 2745.
60
What is the remainder when 71824651 is divided by 10?
1
What is the remainder when 8537 is divided by 4034?
469
Calculate the remainder when 1327456 is divided by 189636.
4
Calculate the remainder when 247743 is divided by 27513.
126
Calculate the remainder when 2385702 is divided by 2339.
2261
Calculate the remainder when 496091 is divided by 2417.
606
Calculate the remainder when 14872 is divided by 3697.
84
Calculate the remainder when 12939567 is divided by 1264.
1263
Calculate the remainder when 3375321 is divided by 112510.
21
Calculate the remainder when 5104439 is divided by 49081.
15
What is the remainder when 145430 is divided by 94?
12
Calculate the remainder when 4705046 is divided by 15.
11
Calculate the remainder when 93639 is divided by 18489.
1194
Calculate the remainder when 203708 is divided by 20370.
8
What is the remainder when 19837295 is divided by 3176?
3175
What is the remainder when 2643644 is divided by 440604?
20
Calculate the remainder when 225185 is divided by 25019.
14
Calculate the remainder when 100613085 is divided by 6768.
6765
Calculate the remainder when 242475 is divided by 39.
12
Calculate the remainder when 28162 is divided by 6974.
266
What is the remainder when 4070904 is divided by 89?
44
What is the remainder when 135839 is divided by 44596?
2051
Calculate the remainder when 1362993 is divided by 321.
27
What is the remainder when 3672889 is divided by 1836411?
67
What is the remainder when 109870 is divided by 1994?
200
What is the remainder when 1394276 is divided by 11?
4
Calculate the remainder when 12846655 is divided by 708.
703
What is the remainder when 2765926 is divided by 70?
16
What is the remainder when 70044 is divided by 589?
542
What is the remainder when 611661 is divided by 1209?
1116
What is the remainder when 1672201 is divided by 98358?
115
What is the remainder when 39904553 is divided by 72?
65
What is the remainder when 128242569 is divided by 92?
89
What is the remainder when 789800 is divided by 349?
13
Calculate the remainder when 178951 is divided by 59602.
145
What is the remainder when 31741430 is divided by 5290236?
14
What is the remainder when 13755856 is divided by 119615?
131
What is the remainder when 1269917 is divided by 423191?
344
What is the remainder when 26804377 is divided by 16?
9
Calculate the remainder when 3259784 is divided by 138.
86
Calculate the remainder when 1076767 is divided by 37127.
84
What is the remainder when 300584 is divided by 244?
220
What is the remainder when 12796688 is divided by 470?
468
What is the remainder when 4710299 is divided by 39?
35
What is the remainder when 2380149 is divided by 2086?
23
Calculate the remainder when 3556069 is divided by 23.
16
Calculate the remainder when 131795545 is divided by 23.
2
What is the remainder when 157539 is divided by 5363?
2012
Calculate the remainder when 219872 is divided by 1929.
1895
Calculate the remainder when 2485087 is divided by 213.
16
What is the remainder when 59480499 is divided by 4248607?
1
Calculate the remainder when 16538874 is divided by 365.
359
What is the remainder when 407829 is divided by 1015?
814
Calculate the remainder when 495722 is divided by 240928.
13866
Calculate the remainder when 7859673 is divided by 1.
0
What is the remainder when 575662 is divided by 575629?
33
Calculate the remainder when 1832904 is divided by 1715.
1284
What is the remainder when 5633803 is divided by 2816884?
35
Calculate the remainder when 2553562 is divided by 1897.
200
Calculate the remainder when 636530 is divided by 53.
0
Calculate the remainder when 378680 is divided by 377278.
1402
Calculate the remainder when 2996763 is divided by 124864.
27
What is the remainder when 4827417 is divided by 15?
12
Calculate the remainder when 554947 is divided by 14.
1
What is the remainder when 324282 is divided by 39?
36
Calculate the remainder when 1569009 is divided by 71296.
497
What is the remainder when 30435032 is divided by 2536251?
20
What is the remainder when 674360 is divided by 13219?
191
What is the remainder when 16299907 is divided by 5206?
5127
What is the remainder when 904211 is divided by 145?
136
Calculate the remainder when 1224893 is divided by 1905.
1883
What is the remainder when 114733211 is divided by 15?
11
Calculate the remainder when 36663 is divided by 9157.
35
What is the remainder when 10168912 is divided by 2820?
2812
Calculate the remainder when 217562 is divided by 593.
524
Calculate the remainder when 425645 is divided by 11201.
7
Calculate the remainder when 2587954 is divided by 170.
44
Calculate the remainder when 999364 is divided by 4848.
676
What is the remainder when 7472987 is divided by 11?
5
Calculate the remainder when 141384 is divided by 47114.
42
Calculate the remainder when 376922 is divided by 62808.
74
Calculate the remainder when 15395 is divided by 1712.
1699
Calculate the remainder when 3007745 is divided by 375967.
9
What is the remainder when 1489517 is divided by 13063?
335
Calculate the remainder when 826904 is divided by 165380.
4
Calculate the remainder when 219124 is divided by 6170.
3174
What is the remainder when 101420821 is divided by 5587?
10
Calculate the remainder when 27151342 is divided by 554109.
1
Calculate the remainder when 27432 is divided by 8825.
957
Calculate the remainder when 12575749 is divided by 747.
4
What is the remainder when 304020 is divided by 1828?
572
What is the remainder when 8561273 is divided by 4992?
4985
Calculate the remainder when 675178 is divided by 164.
154
Calculate th